4
Let q = -2 + 1. Let b(k) = k + 1. Let y(v) = -2 + 2 + 3*v + 2*v + 4. Let c(d) = q*y(d) + 4*b(d). What is c(4)?
-4
Let n be ((-24)/28)/((-1)/7). Let g(r) = r**3 - 7*r**2 + 5*r - 9. Determine g(n).
-15
Let j(y) = -y**2 + 8*y - 3. Let t be 30/4 - (-3)/24*-4. Calculate j(t).
4
Let l(t) be the third derivative of 5*t**4/12 - 7*t**2. Determine l(-1).
-10
Let m(f) be the third derivative of f**2 - 1/60*f**6 + 0 - 1/6*f**3 + 0*f + 0*f**4 + 1/20*f**5. Suppose -2*t + 14 = 10. Calculate m(t).
-5
Let p be 3 + (-3)/((-3)/(-1)). Let v(o) = -4*o + 3*o + p - 1. What is v(-4)?
5
Let w(g) = g**3 - 5*g**2 + 1. Let o be ((-6)/4)/((-6)/8). Let h(l) = -l - 3 - 10*l**3 + 3*l - l**2 + 11*l**3. Let v be h(o). Calculate w(v).
1
Let f(x) be the first derivative of x**7/840 + x**6/60 + x**5/24 + x**4/6 - 8*x**3/3 - 4. Let q(u) be the third derivative of f(u). Determine q(-5).
4
Suppose 5*m + 2*i - 18 = 0, 5*m = -4*i + 8 + 8. Let y(g) = 3*g + g + m*g - 5*g + 6. Determine y(-4).
-6
Let s(f) be the third derivative of f**4/24 + f**3/3 + 73*f**2. Calculate s(-3).
-1
Let h(q) = -3 - 9*q + 4*q + 1 + q. Calculate h(-3).
10
Let t(l) = 3*l + l - l + 0 + 3. Determine t(-3).
-6
Let u(v) be the first derivative of -v**2 + 8*v - 12. Calculate u(6).
-4
Let c(n) = -n**2 - 5*n + 5. Let d(u) = u - 1. Let s(l) = c(l) + 6*d(l). Calculate s(2).
-3
Suppose 4*x - 2*o = 10 - 2, 2*x = -4*o + 14. Suppose -x*r = 3 - 57. Suppose -3*s - 3*k + 0 = r, 3*s + 5*k = -24. Let w(z) = z**2 + 4*z + 3. Determine w(s).
0
Let u(o) = -4*o - 2. Let r be 1*-1 - (-14)/7. Suppose 0 = -2*c - z - r, c + 1 = z - 4. Calculate u(c).
6
Let m be ((-3)/1)/((-6)/(-4)). Let t(u) = 4 - 1 + 8*u + u. Let g(v) = 5*v + 1. Let x(j) = m*t(j) + 5*g(j). Calculate x(1).
6
Let q(c) be the second derivative of c**5/20 + c**4/2 + c**3/2 - 2*c**2 - 3*c. Determine q(-5).
6
Suppose -4*l + 2*l = 4. Let i be 2/(0 + l/(-5)). Suppose 16 = x - i*x. Let f(m) = -2*m**2 - 7*m - 5. Give f(x).
-9
Let o = -7 + 12. Suppose 4*q - n = n + 10, -5 = o*n. Let j(h) = -h**2 - h. Calculate j(q).
-6
Let h be (4/(-10))/((-4)/(-40)). Let n(f) be the first derivative of -f**4/4 - 2*f**3/3 + 7*f**2/2 + 5*f + 8. Give n(h).
9
Let s(c) = 2*c - 4. Let u(p) = p**2. Let l be u(1). Suppose o - l = 3. What is s(o)?
4
Let u(b) be the third derivative of -b**6/120 + b**5/15 + 7*b**4/24 - 7*b**3/6 + b**2. Calculate u(5).
3
Let k(a) = 1 + 0 - 2*a + a + 3*a. Give k(-1).
-1
Let b = -1 - -2. Let o(u) = 32 - 31 - u + u**2 - 8*u**2. Give o(b).
-7
Let n(u) = -u - 1. Let i(b) = -b**3 + b**2 - 2*b - 6*b - 12 + 9*b**2 + 0*b. Let h be i(9). Calculate n(h).
2
Let m(t) = -2*t**2 + t + 3. Let i = 26 - 23. What is m(i)?
-12
Let k = 2 - 0. Let w(l) = 5 - 2 + 4*l - l**k - 6*l + 6*l. Calculate w(3).
6
Let b(a) = -a + 4. Suppose -33 + 3 = 5*r. Let z(w) = 10*w + 1. Let t(d) = -19*d - 2. Let f(j) = r*t(j) - 11*z(j). Let y be f(1). Calculate b(y).
-1
Let q(s) = -s + 4. Let h = 20 - 16. Give q(h).
0
Let l(c) = -2*c**3 - 7*c**2 + c + 3*c**3 + 6*c - 4. Let p(q) = -q**2 - 6*q - 2. Let h be p(-4). What is l(h)?
2
Let r(d) be the second derivative of d**4/12 - d**3/6 + 2*d**2 + d. Let s be (5 - 3)*(1 + 0). Suppose n = -s*n. Determine r(n).
4
Let i(l) = -l**3 + 2*l**2 - l - 3. Let n(x) = -x**3 - 4*x**2 + 3. Let t be 3*2/(-9)*6. Let y be n(t). Give i(y).
-15
Let d(z) = 113*z**2 - 65*z**2 - 61*z**2. What is d(-1)?
-13
Let l(g) be the third derivative of -1/12*g**5 + 0*g - 1/120*g**6 - 4*g**2 + 5/24*g**4 + 0 - 4/3*g**3. Give l(-6).
-2
Let m(d) be the first derivative of -d**3/3 - d**2/2 - 4. Give m(-1).
0
Let i = -1 + 6. Suppose 3*h - r = 8, -4*r = h + 1 + i. Let t(q) = -6 + h + q + 0*q + 0. What is t(3)?
-1
Let j(t) = -2*t - 13. Let z(m) = 4*m + 27. Let g(y) = y**3 + 3*y**2 - 3*y - 3. Let q be g(-3). Suppose 6*v = 11 + 67. Let n(p) = q*z(p) + v*j(p). What is n(-5)?
3
Let h(a) = 6 + 0*a - a + 4*a. Give h(-5).
-9
Suppose 0 = -n + 4*j - j + 14, -n = -4*j - 17. Let b(a) be the third derivative of -a**5/60 + a**4/3 - a**3 + 27*a**2. Determine b(n).
9
Let p(o) = -2*o - 1. Let t be p(3). Let a be (1 + t/5)*-30. Suppose c - a = -3*c. Let l(h) = h**2 - 4*h + 2. Determine l(c).
-1
Let s(g) = -g**3 - 4*g**2 + 3*g - 3. Let w be 2/(-4) + 255/6. Let t be w/(-8) + 1/4. Give s(t).
7
Let t(d) = d + 2. Let i be t(0). Let y(z) = -3*z**2 - i + z**2 + 4 - z**3. Let a be (1 - -3)*2/(-4). Give y(a).
2
Let p(s) = 2*s. Let r(b) = -3*b**2 + 3*b. Let h be r(2). Let t(v) be the third derivative of v**5/60 + v**4/3 + 3*v**3/2 + 2*v**2. Let a be t(h). What is p(a)?
-6
Let y(z) = -z**2. Let j be y(0). Let f = j + 1. Let t(s) = -8*s + 1. Give t(f).
-7
Let g(z) = z - 1. Let d be -2 + 1 + (1 - -21). Let t be (d/(-9))/(1/(-3)). Give g(t).
6
Let i be -1 + 1/(1/4). Let a(c) = -c**3 + 4*c**2 - 2*c + 4. What is a(i)?
7
Let t = -123 + 121. Let y(x) = 5*x - 1. Give y(t).
-11
Let w(h) = 3 - h**2 + 7*h - 4*h + 3*h. Let m(x) = 2*x**2 + 3*x. Let z be m(-3). Suppose -5*y = 5*g - 45, 6*y - z = g + y. What is w(g)?
3
Let r(n) = -n**3 - 3*n**2 + 3*n - 5. Let k(b) = -4*b. Let x(i) = i - 2. Let j be x(1). Let v be k(j). Suppose -3*f - v = 8. What is r(f)?
-1
Let g(l) = l**3 - 4*l**2 - 1. Let q be (8/5)/((-6)/(-105)*7). Determine g(q).
-1
Let u(j) = 2*j**2 - 3*j + 3. Let l(b) = -5*b**2 + 10*b - 9. Let x(v) = -2*l(v) - 7*u(v). Let q(n) be the first derivative of x(n). Determine q(-1).
9
Suppose -5*z = -r - 42, 0 = 2*z - 0*z - 2*r - 20. Let o(y) = y - 4. Determine o(z).
4
Let t(x) be the third derivative of -x**4/12 + x**3/2 + 6*x**2. Let z be t(4). Let d(a) = a**2 - 4*a - 1 - 1 + 8*a. Calculate d(z).
3
Suppose -5*d + 2*b + 26 = 3*b, 3*d = 4*b + 34. Let n(l) be the third derivative of l**5/60 - l**4/8 - l**3/3 + 27*l**2. Give n(d).
16
Let k = -12 + 8. Let p(i) be the third derivative of i**5/60 + i**4/6 - 5*i**3/6 - i**2. What is p(k)?
-5
Suppose 0 = -v + 2*v + 4. Let b(x) be the third derivative of x**6/120 + x**5/12 + x**4/4 + x**3/2 + 38*x**2 - 2. What is b(v)?
-5
Let l be 1 - (1 + (-1 - 0)). Let g be 10/3 - (-4)/(-3). Let z = g - l. Let m(d) = -11*d**2. Give m(z).
-11
Let p(q) = 3*q**2 - q + q**2 + 0*q**2 - 5 + 0*q - q**3. Suppose -6*x + 28 = 4. What is p(x)?
-9
Let j be (2 - 2 - -1) + 2. Let v be j/1 - (0 - -2). Let m(q) = 3 - v - 3*q - q**2 - 5. Give m(-2).
-1
Let z(q) = -q**3 + q**2 - q - 1. Let r be z(0). Let v(y) = -3 - 1 + 4 - 5*y**2. Give v(r).
-5
Let d = 4 + 0. Let i(j) = -3*j**3 + 10*j**3 - 8*j**3 + 5*j**2 + 3 - 6*j. What is i(d)?
-5
Let n(l) = -l**3 + 4*l**2 + 3*l + 6. Let t be n(5). Let a(u) be the third derivative of u**6/120 + u**5/12 + 5*u**4/24 + 2*u**3/3 - 3*u**2. Give a(t).
0
Let w(h) = -h**3 + 5*h**2 - 3*h + 3. Let q(z) be the first derivative of z**4/2 - z**3 - z**2/2 + 2*z - 2. Let u be q(2). Give w(u).
7
Let c(q) = -5*q. Let j(b) = 5*b. Suppose -3*r = 5*d - 35, 0 = 4*d - 3*r - 53 - 2. Let u be (d/(-4))/(7/(-14)). Let a(g) = u*j(g) + 4*c(g). What is a(1)?
5
Let h(f) = f - 2. Let s(r) = -r**2 - 8*r - 7. Let k be s(-7). Let o(c) = -5 - 7*c**3 + 1 + 8*c**3 + c**2. Let z be o(k). What is h(z)?
-6
Let c(b) = 2 + 222*b - 111*b - 110*b - 11. Let k(r) = r**3 - 7*r**2 + 7*r + 1. Let m be k(6). Suppose 3*p + q - 16 + m = 0, 0 = 5*q + 15. Determine c(p).
-5
Suppose -5*q = -2*q + 15, 20 = 2*i - 4*q. Let o(z) = 1 + 4*z - 3*z + i*z. Give o(-2).
-1
Let q(u) = u + 3. Let b be q(-7). Let o be b/(-24)*3*-2. Let s(w) = 5*w**2 - w - 1. Calculate s(o).
5
Suppose -5*n = -20*n + 105. Let h(w) = w**2 - 5*w - 4. Determine h(n).
10
Suppose -5*t + 5*y = -13 + 3, -3*y + 8 = 4*t. Let l(x) = x - 4*x**t - x**2 - 2*x**2 + x**3 + 7*x + 3. What is l(6)?
15
Suppose v - 10 = -4*n + 13, -v - 5*n + 28 = 0. Suppose -v*q = q. Let w(c) = c + 3. Calculate w(q).
3
Let u(t) = 433*t**2 - 442*t**2 + 1 + 0 + t. Determine u(-1).
-9
Let u(l) = l - 1. Let q(r) = 5*r - 6. Let m(h) = q(h) - 6*u(h). Determine m(1).
-1
Let c(f) = -f + 3. Let x be c(-3). Let i(h) = -1 + 0*h + x*h - h**2 + 0*h. What is i(5)?
4
Let r(u) be the second derivative of 5*u**2 + 1/6*u**3 + 3*u + 0. What is r(-5)?
5
Let n(g) = -5 - 3*g**2 + 5*g**2 + 0*g**3 - 5*g + g**3 + 2*g**2. Give n(-5).
-5
Let y(l) be the third derivative of -1/3*l**3 - 1/24*l**4 - 3*l**2 + 0 + 0*l. Determine y(0).
-2
Let s(f) be the first derivative of f**5/120 - 3*f**4/8 + 5*f**3/3 + 1. Let a(t) be the third derivative of s(t). Give a(